 -67*v + 6. Let y(s) = r(s) - 2*z(s). Let p(b) = b**2 + 3*b - 6. Let g be p(-5). Let i be (g/6)/(2/3). Determine y(i).
-3
Let i be 8/6 + (-20)/(-30). Let v(o) = -2*o**3 + 6*o**3 - 7*o**3 - o + o**i. Let a(u) = u**2 + 35*u + 235. Let b be a(-9). Calculate v(b).
-3
Let j(f) = 5*f**3 + 3*f**3 - 59*f**2 + 86*f**2 - 3*f - 31*f**2. Calculate j(-2).
-74
Let d(r) = -3*r - 16. Suppose -t - 10 = -3*k - 1, -4*k = -16. Determine d(t).
-25
Let v(u) be the third derivative of u**6/120 - u**5/20 - u**4/12 - u**2. Let d be ((-48)/6)/(0 + (-2)/79). Let o = -312 + d. Determine v(o).
8
Let k(b) = b**2 + 2*b - 2. Let p(m) = -2*m**2 - m. Let x(g) = -5*k(g) - p(g). What is x(1)?
-2
Suppose -4*t - 4*d = -2*d + 42, -3*d + 47 = -4*t. Let w(p) = 12 - 9 - 207*p + 205*p - 13 - 5. What is w(t)?
7
Let p(g) be the first derivative of g**2 - 43*g + 580. What is p(17)?
-9
Let q = -42 - -46. Suppose -2*h + 1 = -3. Let s(j) = -4*j - 2 + 2*j**2 - 2 - 6*j**h + 0*j**2 + j**3. Calculate s(q).
-20
Let r(u) be the first derivative of -u**3/3 - 13*u**2/2 - 12*u - 61197. Let y(t) = -t - 1. Let j be y(-2). Let p(o) = -10*o - 1. Let q be p(j). What is r(q)?
10
Let f(w) = 9*w**3 - 1 - 36*w**3 + 12*w**3 - 4*w**2 + 5*w + 16*w**3. Let b be f(5). Let a = 54 - b. Let r(p) = -p + 4. Give r(a).
-1
Let u(x) = -5*x - 4. Let n = 44 - -94. Let y = n + -134. What is u(y)?
-24
Let u(c) = -16 - c**3 + 1757*c + 1769*c - 3525*c - 5*c**3 + 4*c**3 + 24*c**2. Calculate u(12).
-4
Suppose 0 = 4*a - 1 - 3. Let i(c) = a + 2*c**2 - 4*c**2 + 5*c + 2*c**2 + c**2. Let l be 3*(14*((-6)/(-12))/(-1) - -6). Give i(l).
-5
Suppose -3*b - 4 + 10 = -3*z, 4*z + 5*b = -53. Let d(l) = 0*l**3 + 1 + 4*l**3 - 9 + 2*l**2 + 2*l - 3*l**3 + 5*l**2. What is d(z)?
-22
Let r(h) = -2*h + 5. Suppose -154*b - 32 = -162*b. Suppose -10 = 2*n - 5*o + 8*o, -b*o = n + 5. Determine r(n).
15
Suppose -6035 = 264*l - 755. Let w(a) = -a + 19. Calculate w(l).
39
Let v(c) = -2*c**2 - 2*c - 6. Let f be v(-2). Let y(i) be the third derivative of i**6/120 + 3*i**5/20 - 5*i**4/12 - 13*i**3/6 - 20*i**2. Determine y(f).
-13
Let n(i) be the third derivative of i**5/60 - 3*i**4/8 + i**3 + i**2. Suppose 0*m + 249*m - 821 = 1171. Calculate n(m).
-2
Let y = 226 - 208. Suppose -89*s = -83*s + y. Let i(v) be the second derivative of v**4/12 + v**3/3 - v**2/2 + v. What is i(s)?
2
Let b(d) = d**3 - 7*d**2 + 3*d - 5. Let x(r) = -r. Suppose 3*f + 20 = -7*f. Let c(s) = f*x(s) - b(s). Determine c(7).
-2
Let p(w) = 34*w**2 + 4*w - 5. Let x(s) = 25*s**2 + 3*s - 4. Let g(n) = 7*p(n) - 9*x(n). Calculate g(-1).
13
Let o(m) = 4*m - m**2 + 0*m - 2*m - 3. Suppose 14*l = -4*j + 9*l + 116, 4*l = j - 8. Suppose -2*x - j + 36 = 0. Determine o(x).
-27
Let f = -9 - -19. Suppose -3*n + f = 2*n. Let v(g) = -43*g**n + 26*g**2 + 9 - 5*g + 16*g**2. What is v(-7)?
-5
Let c(v) = -v**2 + v - 13. Suppose 0 = 4*g + 5*f + 45, 0 = 5*g - f - 3 + 23. Give c(g).
-43
Let h(z) = -3*z**3 - 6*z**2 + 60*z - 13. Let q(o) = 2*o**3 + 5*o**2 - 50*o + 11. Let n(j) = -5*h(j) - 6*q(j). Determine n(-3).
-82
Let o(q) = -q**3 - 18*q**2 - 11*q - 85. Let h(m) = 6*m**3 + 90*m**2 + 63*m + 425. Let v(p) = 2*h(p) + 11*o(p). What is v(18)?
5
Let f(d) = -d**2 - 9*d + 12. Let w be -15*8/(-36)*(-2 - 1). Let b(v) = 4*v + 31. Let c be b(w). Determine f(c).
12
Let c(g) be the third derivative of g**5/20 - g**4/12 + g**3/2 + 1518*g**2. Give c(-2).
19
Let k(q) = 6*q. Let t(n) = -3*n. Let x(a) = 5*k(a) + 9*t(a). Let i(b) = 7*b - 1. Let v(c) = 3*i(c) - 8*x(c). What is v(-2)?
3
Let c(v) be the first derivative of -20 + 1/2*v**2 - 1/4*v**4 - 4/3*v**3 - v. Let o be 51/(-15) + (-4)/(-10). What is c(o)?
-13
Let q(y) = -2*y**2 - 319*y + 1986. Let t be q(6). Let r(v) = -3*v - 26. Give r(t).
-26
Let z(j) = -4*j**2 + 2*j. Suppose 4*m + o + 420 = 0, -2*m - 2*o = -3*m - 96. Let n be 4*(-4)/m - (-24)/13. What is z(n)?
-12
Let h(v) = 3*v**3 + 97*v**2 - 15*v - 11. Let b(r) = -4*r**3 - 153*r**2 + 29*r + 23. Let w(t) = -3*b(t) - 5*h(t). Determine w(-8).
-46
Let t(f) = -f**3 - 12*f**2 - 19*f + 3. Let g be t(-10). Let y(z) = -20*z - 35. Let k(w) = -7*w - 12. Let x(l) = 17*k(l) - 6*y(l). Determine x(g).
-1
Suppose 23 = -5*s + 3*s + 3*u, -3*s - u = 7. Let g be (-4)/(-3) - 2 - s/6. Let q(p) = -p - 10. Give q(g).
-10
Let j(v) = 6 - 46*v + 6*v**3 - 25*v**3 + 2*v**3 + 10*v**3 + 93*v**2 + 5*v**3. What is j(46)?
6
Let t(l) = l**2 + l + 4. Suppose 5*r = z + 15, 4*r - 6 = 6. Let h be t(z). Let q(u) = 5*u + 2*u**2 - 6*u + 3*u**2 - 6*u**2 + 5. What is q(h)?
-15
Suppose 49 = -1181*r + 1170*r - 28. Let x(j) = -3*j - 8. Determine x(r).
13
Let m(y) be the first derivative of -y**5/30 - y**4/12 + 7*y**3/6 + y**2/2 + 60*y + 85. Let c(g) be the second derivative of m(g). Calculate c(-5).
-33
Let k(t) = 2*t + 81 - 53 + t + 4*t + 5*t. Calculate k(-5).
-32
Let m(c) be the second derivative of -15/2*c**2 + 5/6*c**3 + 0 - 4*c + 1/12*c**4. Determine m(-7).
-1
Let r(k) be the third derivative of -1/8*k**4 - k + 0 + 0*k**5 + 1/3*k**3 + 1/120*k**6 - 54*k**2. Give r(2).
4
Let m(p) = -9*p - 44. Let i(u) = -5*u - 33. Let z(q) = 5*i(q) - 3*m(q). Give z(12).
-9
Let c be (-6)/(-15) - ((-8)/(-20) - -1). Let j(z) be the first derivative of -2*z**2 - 2*z - 147. Calculate j(c).
2
Let m be (-2 + 0)/(7/(105/(-6))). Let w be ((-2)/4)/(m*5/350). Let b = 10 + w. Let g(d) = -d**2 + 2*d + 3. Determine g(b).
0
Let x(l) = -3*l**3 - 2*l**2 - 3*l - 1. Let c be (-1 + -3 + 3)/(5/25). Let v be 3/(c - (-7)/2). What is x(v)?
21
Let u = 327 - 311. Suppose 35 = 5*z + j, 11*z - 5*j + 55 = u*z. Let s(n) = n + 0 + 1 + 2. Give s(z).
9
Suppose 8*t = 6*t + 4. Suppose 0 = t*m + 12 + 6. Let i(h) be the first derivative of h**3/3 + 9*h**2/2 + 12*h - 140. What is i(m)?
12
Suppose -58*c = -57*c - 5. Let x(t) = 7*t + 15. Let a(n) = -8*n - 20. Let r(w) = 4*a(w) + 5*x(w). What is r(c)?
10
Let l(f) = 23*f + 374. Let x(i) = 10*i - 1. Let a(o) = -l(o) - 5*x(o). What is a(-5)?
-4
Let v(r) = -5*r**2 + 22*r - 21. Let y(i) = -2*i**2 + 9*i - 10. Let m(x) = 3*v(x) - 7*y(x). Determine m(-3).
-11
Let j(u) = -13*u + 3 - 8*u - 4 + u**2 + 13*u. Let v(i) = 12*i**2 - 46*i + 1. Let y be v(4). Give j(y).
8
Let m be ((-6)/16)/(99/(-132))*-6. Let d(b) = -18*b - 53. Give d(m).
1
Let g(s) = s**3 + 6*s**2 - 8. Let r(f) be the third derivative of f**5/60 + 19*f**4/24 - 12*f**3 - 33*f**2. Let m be r(-22). Calculate g(m).
-8
Let n(u) = u + 0*u - 3 - 2*u**2 + 2*u - 10*u. What is n(-3)?
0
Let l(y) = -14*y**2 + 54*y + 9. Let j = 918 + -914. Give l(j).
1
Let f(w) = -w**3 - 5*w**2 + 2*w + 9. Suppose 31*v + 153 + 93 = 91. Determine f(v).
-1
Let y(x) = -13*x**2 - x + 43. Let s(j) = 6*j**2 + j - 19. Let t(h) = -9*s(h) - 4*y(h). Let w be (-4 + 5)/((-1)/4). Calculate t(w).
-13
Let m(f) = 69 + 77 - 211 + 67 + 2*f + 59. Determine m(-26).
9
Let o(j) = -j**3 + 5*j**2 - j + 5. Let u be o(5). Let n = -7 - -10. Let h(a) = -4*a - n + 0*a + 2*a + a. Determine h(u).
-3
Suppose 7*s + 4*w - 220 = 3*s, -5*s - 2*w + 275 = 0. Let i = s - 37. Suppose i = -y - 2*y. Let o(u) = -u - 1. What is o(y)?
5
Let j(n) = n + 22. Let b(z) = z + 8. Let i(t) = -t**2 - 11*t - 3. Let s be i(-11). Let q(a) = s*j(a) + 8*b(a). What is q(0)?
-2
Let w(u) be the first derivative of u**3/3 - 7*u**2/2 - 2*u + 4067. Let g = 8 - 2. Give w(g).
-8
Let z(q) = q**2 + 10*q + 7. Suppose 11*g + 384 = 27*g. Let h = -14 + 16. Suppose 34 = -4*a + 3*j, -h*a + j = -4*j + g. Calculate z(a).
-14
Let d(u) be the first derivative of -u**6/120 - 4*u**5/15 - 5*u**3/6 + u**2/2 + 47*u + 79. Let n(k) be the second derivative of d(k). What is n(-16)?
-5
Let l(h) = -220*h**2 + 51*h**2 - 54 + 52*h**2 + 56*h**2 - 8*h + 60*h**2. Determine l(-5).
-39
Let t(j) = j**3 - 14*j**2 + 16*j - 461. Let v be t(15). Let k(q) be the third derivative of 1/2*q**3 + 1/24*q**v + 0*q + 0 - 10*q**2. What is k(-6)?
-3
Let l(r) = r**2 - 23*r + 113. Suppose -3*n = 4395 - 4443. Determine l(n).
1
Suppose -5 = -p + 2*m, -4*p - 44 = 5*m + 1. Let g(f) = -2042596*f - 23*f**2 + 2042600*f + 2 + 24*f**2. Determine g(p).
7
Let w(r) be the first derivative of 66 - 1/4*r**4 - 21*r + 1/2*r**2 + 1/3*r**3. Calculate w(0).
-21
Let f(i) = 7*i - 3. Let z(m) = -6*m - 73. Let v be z(-12). Let h(g) = 4*g - 1. Let s(j) = v*f(j) + h(j). Give s(-4).
14
Suppose -3*t - 2*g = -19, -3*t + 3*g - 2*g + 4 = 0. Suppose 43*a - 5*j = 38*a + 40, 0 = t*a - 2*j - 22. Let